 Let f be a(1). Calculate the greatest common divisor of f and x.
30
Let v be 1/(-5) - 13/(-5)*2. Let x(k) = k**3 + 5*k**2 - 5*k - 5. Let l be x(-5). What is the highest common factor of v and l?
5
Let f = 61 - 51. Calculate the greatest common factor of 15 and f.
5
Suppose 4*r + 2 = -p + 12, -p + 10 = 5*r. Calculate the greatest common divisor of p and 90.
10
Let h be 4 + -1*-1*1. Let z = -557 - -612. Calculate the highest common factor of h and z.
5
Let x = -17 - -27. Suppose 2*r + 3*r + 2*y = 392, -3*y - 252 = -3*r. What is the highest common divisor of x and r?
10
Let h(g) = g + 13. Let m be h(-6). Suppose 4*x - 2*s = s + 249, 5*x - s - 314 = 0. What is the greatest common factor of x and m?
7
Let j be (36/(-45))/(2/(-20)). Let d be (-8)/j + 1 + 28. Calculate the greatest common divisor of d and 70.
14
Suppose o - 3 = -0. What is the greatest common divisor of o and 9?
3
Let c be ((-2)/(-3))/(2/36). Suppose 0 = -2*y - r + 2*r + 31, y - 3*r = 3. Calculate the highest common divisor of y and c.
6
Let j be 4 - (2 + 1) - -5. Let l(x) = 14*x + 12. Let n be l(j). What is the greatest common factor of 64 and n?
32
Let y be 4/(-14) - (-620)/14. Let h = 0 + 0. Suppose 0 = -h*f - 2*f + 22. Calculate the highest common divisor of y and f.
11
Suppose -w + 5*p = w - 50, p - 41 = -3*w. Suppose 2*x + w = 5*x. Calculate the greatest common factor of x and 5.
5
Suppose 0 = 4*d + 1 - 25. Let q = 0 + -2. Let n(l) = l**3 + 2*l**2 - 2*l - 1. Let t be n(q). What is the highest common divisor of d and t?
3
Suppose -2*w + 134 = -284. What is the greatest common divisor of 19 and w?
19
Let d be (3 + (-3)/(-3))/(-1). Let k be 1*d/((-12)/51). Calculate the greatest common factor of 153 and k.
17
Suppose -22 = -h - 20. Calculate the highest common divisor of 14 and h.
2
Suppose -68 = -3*h + 55. Suppose 3*g = 2*y - h, -4*y + 4*g + 92 = y. Calculate the highest common factor of y and 8.
8
Suppose -m + 2 = 0, 3*w + 3 = -3*m + 12. Let r = 0 - w. Let h be r/(-4) - 30/(-8). What is the highest common factor of h and 2?
2
Let s(b) = -b**3 + 6*b**2. Let a be s(6). Suppose -5*k + 5*p = -90, a*p - 2*p = 2*k - 52. Calculate the highest common factor of k and 242.
22
Let x be (-1 + 0)*(-11 + 6). Suppose 0 = 7*k - 4*k + 3*r - 9, k + 3*r - x = 0. Suppose 6 = 5*y - 4. Calculate the highest common divisor of y and k.
2
Let o = 24 + -16. Calculate the highest common factor of o and 8.
8
Let l(d) = d**3 - 5*d**2 + d + 5. Let r be l(5). Calculate the highest common factor of r and 80.
10
Suppose 22 = 7*p - 27. Calculate the greatest common divisor of p and 77.
7
Suppose -c + 0*c + 1 = 0. Let m be (-4*5)/(c/(-2)). Calculate the greatest common factor of m and 10.
10
Let h(l) = -l**3 - 6*l**2 - 7*l - 6. Let k be (-2)/(-4)*(-10 - 0). Let x be h(k). What is the highest common factor of 2 and x?
2
Let y be (2 + -2 + 1)*18. Let b = 10 - 8. Let i(g) = 14*g**2 - 2. Let r be i(b). Calculate the highest common divisor of y and r.
18
Let o be (0 - -13)/(-1) + 2. Let w be 1 + (-2 - o - -1). Let y be 46*10/5 + -4. What is the greatest common factor of y and w?
11
Let x be 873/27 + (-2)/6. Calculate the greatest common divisor of 48 and x.
16
Let n = 26 + -69. Let g be n/(-3) + (-3)/9. Calculate the highest common divisor of 98 and g.
14
Let n be 2/(1 - 10/6). Let p(h) = -2*h**3 + h**2 + 4*h + 4. Let m be p(n). Calculate the greatest common divisor of 11 and m.
11
Let y(w) = w**2 - w - 12. Let c be y(7). What is the greatest common factor of 3 and c?
3
Suppose 3*l - 13 = -10*n + 15*n, -3*n = -4*l + 21. What is the greatest common divisor of l and 12?
6
Let w(m) = -135*m**3 + m**2. Let o be w(-1). Suppose -359 = -5*v + o. What is the greatest common divisor of v and 9?
9
Let a = 3 + -5. Let n be (-45)/2*a/3. What is the highest common factor of n and 5?
5
Let d(p) = 46*p**2 - 2*p - 1. Suppose 4*g - 5*k = -2*k + 20, -4*g + k = -12. Let q be d(g). Let b = 315 - q. What is the highest common factor of 17 and b?
17
Suppose -r = 4*t + 3*r - 96, 4*t + 3*r = 98. What is the greatest common factor of 208 and t?
26
Let d(k) = k**3 - 20*k**2 + 17*k + 46. Let s be d(19). What is the greatest common factor of s and 10?
2
Let l be (104/12)/((-2)/(-3)). Calculate the greatest common factor of l and 39.
13
Let i be 0 - (4/(-2) - (-12)/(-2)). Let o = -6 + 18. Calculate the highest common factor of o and i.
4
Let t(o) = -15*o**3 + o**2 + o - 1. Suppose -2*w = 11 - 7. Let f be t(w). Calculate the highest common divisor of 11 and f.
11
Suppose 2*j + 25 = -3*j. Let z(t) = t**2 + 6*t + 6. Let d be z(j). What is the highest common factor of 4 and d?
1
Let p(g) = 3*g - 1. Let j be p(1). Suppose -2*w = -5*n + 3*w + 45, j*n - 3*w = 15. Calculate the highest common divisor of 4 and n.
4
Let f(d) = -d**2 - 6*d - 1. Let w be f(-5). Let b(h) = h**3 - 6*h**2 + 9*h - 6. Let p be b(6). Let n = p + -16. Calculate the highest common divisor of w and n.
4
Suppose 0 = -5*u - 4*v + 19, -2*v - 43 = -0*u - 5*u. Suppose -u*s + 72 = -3*s. What is the highest common divisor of 27 and s?
9
Let i be (-6)/(-18) - 64/(-6). What is the highest common divisor of i and 11?
11
Let x be -7*(-1 - 0)*1. Let q = 54 + -19. Calculate the highest common divisor of q and x.
7
Let r be (1 - 2) + (1 - 0). Suppose 2*a - 56 = -4*m - 0*a, r = 3*m - 5*a - 42. Suppose 3*n = 135 - 9. Calculate the greatest common factor of m and n.
14
Let z(f) = -3*f. Let d be z(2). Let v = -5 - d. Calculate the greatest common divisor of 9 and v.
1
Suppose c = -3*p + 45, 5*p = 2*c - 120 + 19. What is the greatest common divisor of c and 36?
12
Let r(c) = c. Let t be r(5). Let q(h) = h**3 - 6*h**2 + 6*h. Let y be q(t). What is the highest common divisor of y and 40?
5
Suppose 2*w - 13 = -5*h, -4*h = 2*w - 5 - 5. Suppose -2*o + o + 40 = 4*q, 0 = -4*q + h*o + 24. Calculate the highest common factor of 99 and q.
9
Suppose m - 50 - 95 = 0. Let p(j) = 58*j. Let v be p(1). What is the greatest common factor of m and v?
29
Suppose 5*h - 205 = 270. Suppose i - 3 = 3*j + 4*i, 5*j - 4*i = 22. Suppose 4*t + 34 = j*p, 3*p + 22 = 4*t + 75. What is the greatest common factor of h and p?
19
Suppose 4*t = 3*c + 7, c + 2*t - 19 = -2*t. Let l be 14 + 2 + -2 - -1. Calculate the highest common divisor of c and l.
3
Let p = 72 - 59. What is the highest common divisor of p and 52?
13
Let v = 131 + -59. Suppose 42 = -4*l + 2*a, -3*l - 15 = -l + a. Let r = 0 - l. What is the greatest common factor of r and v?
9
Suppose 2*m = 0, -4*m + 33 + 12 = 3*u. Suppose 2*y - 2 = 0, 2*j + 3*j + y - 26 = 0. Suppose -j*l - 30 = -7*l. Calculate the greatest common divisor of u and l.
15
Suppose -2*h + 4*j + 18 = 0, 3*j + 6 = h - 0*j. Let k = h + -22. Let q be (-2)/k + 94/14. Calculate the highest common divisor of q and 1.
1
Let a be (0 - -1)*(-18 - -21). What is the greatest common factor of a and 3?
3
Let b = 84 + -43. What is the highest common divisor of b and 41?
41
Suppose 3*w + 0*w = 24. Let c(v) = -v**3 - v**2 - 10*v + 7. Let u be c(-5). Let f = u + -85. Calculate the greatest common divisor of w and f.
8
Suppose f - 3*w - 11 = -0*w, 0 = -f + 2*w + 8. What is the greatest common factor of f and 14?
2
Suppose i + 2*i = 3. Let j be i/(2 - 129/66). Calculate the highest common divisor of j and 22.
22
Suppose -12 + 4 = 4*d. Let y = d - -20. What is the greatest common factor of y and 162?
18
Suppose -80 = -4*o - 5*u, 3*u + 49 = 3*o + 4*u. Let c = 28 - o. What is the greatest common divisor of 91 and c?
13
Let n = 6 + -7. Let f(v) = -35*v - 1. Let x be f(n). What is the highest common divisor of 51 and x?
17
Let o = 2 + 34. Let j = -19 + o. Let m = 205 - 69. Calculate the highest common factor of m and j.
17
Suppose 0 = g + 3 - 9. Let c(o) be the third derivative of -31*o**4/24 - o**3/6 - 4*o**2. Let a be c(-1). What is the highest common factor of a and g?
6
Let j be 276/10 + (-8)/(-20). Suppose 3*r - 42 = -c + 2*r, c - r - 42 = 0. What is the greatest common factor of j and c?
14
Suppose 4*j = 5*n + 43, 3*n - 8 = -2*j + n. Let g(f) = f**2 - 5*f. Let p be g(j). What is the greatest common divisor of 14 and p?
14
Suppose 4*h = -5*z - 90, 4*z - 108 = 6*h - 2*h. Let u be 1 - -2 - 4*-9. Let k = h + u. Calculate the highest common factor of k and 98.
14
Suppose -111 = -w - 11. Let p be 2/(-4) - 10/(-4). Suppose 2*n -